 5*h = -4*u + 3410, 2609 + 1633 = 5*u - 4*h. Calculate the greatest common divisor of u and 1350.
50
Let n = 120 - -32. Suppose -26*d - n = -28*d. Calculate the greatest common divisor of 570 and d.
38
Let g be (1440/(-396))/((-2)/187). Calculate the highest common factor of g and 1640.
20
Suppose -2*x = 2*z + 3*z - 24, 4*x = -z - 6. Suppose z*l - 13*l = -224. What is the highest common factor of l and 160?
32
Let c(y) = 2*y + 9. Let b be c(0). Suppose -4*o = -3*h + b, 3*o + 0*o + h + 23 = 0. Let s be (o/(-9))/(3/18). Calculate the greatest common divisor of 4 and s.
4
Suppose 3*x + 2435 = 5*q, 2*x + 1462 = -4*q + 7*q. Let u = 42 - 20. What is the greatest common divisor of u and q?
22
Let r(h) = -h**3 + 9*h**2 - 3*h + 8. Let k be r(8). Let g be ((-8)/(-10))/(2/190). Let p = g + 44. Calculate the highest common factor of k and p.
24
Let j be (-1)/4 + (-3377)/(-4). Let l = -294 + j. Let x = -49 - -99. What is the greatest common divisor of l and x?
50
Let r = 5572 - 5554. What is the greatest common divisor of r and 4878?
18
Let t = -246 - -316. Suppose 5*j - 265 = -t. Calculate the highest common divisor of j and 429.
39
Let f be ((-36)/10)/((-16)/40). Let r be f + -2 + -3 - (-2)/(-1). Suppose -c + 5*t = c - 33, -r*t = -3*c + 44. Calculate the highest common divisor of c and 14.
14
Let d = 113 + -108. Suppose -d*u + 2244 = -4*q, -3*u - 5*q + 1370 = 31. Let l be (u/24)/((-2)/(-3)). Calculate the greatest common factor of l and 7.
7
Let p(m) = 4*m**2 + 1. Suppose -87*j - 15 = -90*j. Suppose 6*t = j*t + 2. Let x be p(t). What is the greatest common factor of x and 221?
17
Let q(u) = 4*u**3 - u**2 + 2*u - 1. Let f be q(1). Let r be ((-2)/(-3))/(6/(-27) - 97/(-432)). Calculate the highest common factor of r and f.
4
Suppose 5*f - 270 = 3*v, 3*f + 0*v - 2*v = 162. Let h be 714/24 + 2/8. Let t = f - h. Calculate the highest common factor of t and 24.
24
Suppose -84 = -3*k + 3*f, -k + 5*f + 20 + 16 = 0. Suppose 25*a + 120 = k*a. Calculate the highest common divisor of 150 and a.
30
Suppose 3*z + 10 = y - 0*y, -2*z - 8 = -2*y. Let t be 1 + 39 + (-2 - (z - 0)). Suppose -t - 23 = -2*q. Calculate the highest common factor of q and 48.
16
Suppose 6*k + 0*k - 102 = 0. Let y(t) = t**3 + 3*t**2 - 3*t + 2. Let g be y(-4). Let p be (1/g - 1)*-102. What is the greatest common divisor of p and k?
17
Let n = 14706 + -14301. What is the greatest common factor of n and 105?
15
Suppose 4*x + 5*m = 1126 + 3630, -3*m = -12. What is the highest common factor of x and 32?
32
Let q be 246 + -4 + (-12 - -12). Calculate the greatest common divisor of 572 and q.
22
Let m(d) = -3*d**2 - 17*d + 32. Let b be m(-7). Let t = -9 + 72. Suppose 0 = -b*z + z + t. Calculate the highest common factor of 3 and z.
3
Suppose 9*b + 215 = 1115. Suppose 140 = 5*q - b. Calculate the greatest common factor of 64 and q.
16
Let h = 10 + -4. Suppose 0 = 2*c - 2*j, c = -2*j - 1 + 7. Suppose 14 + 10 = y - c*a, -4*y = 3*a - 129. What is the greatest common factor of y and h?
6
Suppose 16*x = 17*x - f - 11, 4*f + 12 = 0. Let l(t) = -135*t - 7. Let h be l(-1). What is the greatest common divisor of x and h?
8
Suppose p = -4*v + 45, 3*v + p = 7*v - 35. Let k be ((-45)/(-30))/((-2)/(-200)*3). What is the greatest common factor of v and k?
10
Let g(s) = 7*s - 4. Let h = 5 - 1. Let i be g(h). Suppose -6998*v + 4260 = -6643*v. What is the highest common factor of i and v?
12
Suppose -142*v = -686*v + 7616. Let s(r) = -13*r**3 + r**2 + r + 1. Let z be s(-1). Calculate the highest common factor of z and v.
14
Let l be (210 - 192)/(2/19). Suppose 0 = 2*n - 0*n - 38. Calculate the greatest common factor of n and l.
19
Suppose 8259*n - 8250*n - 117 = 0. Suppose 0 = -p + 9*p - 4472. What is the greatest common divisor of p and n?
13
Let r be 6/(-9) + (-174)/9. Let b be 68/2 + (-120)/r. Let l = -343 - -503. What is the highest common factor of l and b?
40
Suppose -5*l = -60 + 40. Suppose u + 5*n + 35 = 254, -l*u + 951 = -5*n. Calculate the highest common divisor of u and 26.
26
Let v = 11 - 13. Suppose 6*r - 34 - 104 = 0. Let x be r - ((-3)/3 + v). Calculate the highest common factor of 65 and x.
13
Let i(p) = 5*p**3 - 9*p**2 - 7*p + 132. Let w be i(5). Calculate the greatest common divisor of w and 14.
7
Suppose -125 = -3*n - 12*z + 7*z, -4*z = 4*n - 172. Calculate the highest common divisor of n and 21.
3
Let a(q) = -60*q**2 - 1. Let u be a(-1). Let h = 27 - u. Let t = 154 - h. What is the highest common factor of 6 and t?
6
Suppose -3*a - z + 402 = 0, a - 142 = -2*z - z. Let x(v) = -53*v**3 - v - 1. Let q be x(-1). Suppose 5*o = 42 + q. What is the highest common factor of a and o?
19
Let i(o) = o**3 - 11*o**2 - 9*o - 9. Suppose -5*f + 29 = -26. Let x be i(f). Let t = x - -176. What is the greatest common factor of t and 170?
34
Let u be (-2)/(-2) + 1 + -3. Let d(t) = -5*t + 1. Let h be d(u). Let o = -4780 + 4894. What is the greatest common factor of h and o?
6
Let p = -40456 + 40572. What is the greatest common divisor of 22446 and p?
58
Let u = -74 + 77. Suppose -12 - 12 = -u*j. What is the greatest common divisor of j and 1?
1
Suppose -3*k - 243 = -5*i + 450, 516 = 4*i + 4*k. Calculate the greatest common divisor of 480 and i.
15
Let n(i) = 4*i**3 + 139*i**2 - 39*i - 84. Let r be n(-35). What is the greatest common divisor of 2772 and r?
28
Suppose 24*q - 47993 + 4169 = 0. Calculate the greatest common factor of 88 and q.
22
Suppose 3243*z - 70290 = 3225*z. What is the greatest common factor of 110 and z?
55
Suppose 0 = -10*d + 199 + 1. Suppose 0 = u - d - 6. Calculate the highest common divisor of u and 2.
2
Suppose -4*d + 24 = 0, 2*g = 7*g + 2*d - 147. What is the highest common divisor of g and 279?
9
Let z(d) = -d**2 + 6*d - 3. Let j be 24/3*1/4. Let q be z(j). What is the greatest common factor of q and 5?
5
Suppose 5*o = -11 + 31. Suppose 4*p - k = -114, 0 = 6*p - 4*p + o*k + 66. Let y = p + 41. Calculate the highest common divisor of y and 60.
12
Let u = -185 + 226. Suppose 12*a + 783 = u*a. Calculate the highest common factor of a and 207.
9
Suppose 535 = -2*g - 6*w + 3*w, 4*g - w = -1035. Let u = -244 - g. What is the greatest common factor of u and 1168?
16
Let i = -5692 + 12665. Calculate the greatest common divisor of i and 95.
19
Let t(x) = -x**2 - 61*x + 2963. Let q be t(31). Calculate the highest common divisor of 1036 and q.
37
Let x = 17 + -8. Suppose 0 = 6*c - x*c - 3. Let t be 7 - (-3*1 - (-1)/c). What is the highest common divisor of 55 and t?
11
Let f(n) = 3*n**2 + 32*n - 135. Let w be f(5). Calculate the greatest common factor of 130 and w.
10
Let o = -291 + 411. Suppose 949*n - 979*n + 900 = 0. Calculate the greatest common factor of n and o.
30
Let o(r) = 3250*r - 11537. Let c be o(4). Calculate the highest common divisor of c and 399.
133
Let n be ((-4932)/1370)/(0 - 3/270*4). What is the greatest common divisor of 2898 and n?
9
Suppose 2 = 5*d - 8. Let z be d - 4/4*-142. Suppose 0 = 2*j + 2 - 38. Calculate the greatest common divisor of z and j.
18
Let s = 173 - 121. Let g(x) = -9*x**2 + 201*x - 27. Let r be g(22). What is the highest common factor of r and s?
13
Suppose 120*x - 412 - 68 = 0. What is the highest common factor of x and 26?
2
Let a be ((-18)/21)/3 - 626/14. Let y be a/(-10) + 4/(12 - 4). What is the highest common divisor of y and 80?
5
Let r = 126021 - 51687. Calculate the highest common divisor of r and 13.
13
Suppose 3*h - 2269 = 2*g + 2095, 5*g - 1432 = -h. What is the highest common factor of 891 and h?
33
Suppose -32*l + 41*l = 1053. Let a be (-24)/60 - (396/(-15) + 2). Let q = a - 11. What is the highest common divisor of q and l?
13
Let u be (-50292)/(-635) + ((-12)/5)/(-3). Suppose 3*k - 6 = 2*b, -4*k = -5*b - 6 - 9. Let m be 5*b*(-1)/3. Calculate the greatest common divisor of u and m.
5
Let v(u) = u + 9. Let t be v(-4). Let o be -3*(1 - (-7 - -7)) - -298. What is the greatest common divisor of o and t?
5
Suppose -4*u = 9*u - 3003. What is the greatest common divisor of u and 987?
21
Suppose -231*l + 61*l + 1374 = 59*l. Calculate the greatest common factor of l and 12.
6
Let c(r) = -42 + 3*r - 11 - 21. Let k be c(22). Let i be (21 - 0)*k/(-12)*2. Calculate the greatest common divisor of i and 42.
14
Let z(m) = 4*m + 96. Let d be z(-19). Let v be (32 -